= -o**3 - 4*o**2 - 5*o + 4. List the prime factors of i(r).
2, 3
What are the prime factors of (-99)/(-18) + (-3)/(-2)?
7
Let o(p) = -p**3 + 16*p**2 + 8*p + 15. List the prime factors of o(16).
11, 13
Let p(c) = c**2 - 5*c - 8. Let d be p(7). Let y(i) = i**3 - 6*i**2 - i + 6. Let j be y(d). Suppose j*h = h - 3. List the prime factors of h.
3
Let b(a) = -36*a + 10. What are the prime factors of b(-8)?
2, 149
Let p be (13/39)/(1/351). Suppose 3*j + 5*f = 59, 4*j - p = 4*f - 3*f. What are the prime factors of j?
2, 7
Let b(r) = r**3 + 9*r**2 + 2. Let d be b(-9). Suppose -2*a - 20 = -2*l, 2*l - 12 = -2*a + 8. Suppose d*x - 6 - l = 0. What are the prime factors of x?
2
Suppose -3*v - v = -16. Suppose 16 = -4*m, -3*o + v*m = -o - 28. Suppose -t - 50 = -o*t. What are the prime factors of t?
2, 5
Suppose -5*q + 156 = -209. List the prime factors of q.
73
Suppose -f = f + 20. Let k = -26 + 42. Let x = f + k. List the prime factors of x.
2, 3
What are the prime factors of (2 + 6)/(-4)*-4?
2
Suppose -t - 3 = -2*t. Suppose -3*i - t = -18. Suppose -18 = -i*h + 2. What are the prime factors of h?
2
Let g = 150 + -101. Suppose -4*t + 3*s + 25 = 0, 3*t + 3*s + 4 - g = 0. Suppose 15 = -2*f - 5*o + 46, 2*f = 2*o + t. What are the prime factors of f?
2
Suppose 5*v - 4*n + 67 = -69, -52 = 2*v - 4*n. List the prime factors of (171/6)/((-21)/v).
2, 19
List the prime factors of 21882/189 + (4/9)/2.
2, 29
Suppose -5*y + 4*a + 10 + 1 = 0, -2 = y - 5*a. Suppose -4*s + 2*i = -8, -7*s = -2*s + y*i - 21. Suppose -7 = -2*b + s. List the prime factors of b.
5
Let l be 0 + -5 + 3 - -1. List the prime factors of (13 - 8)/(l/(-3)).
3, 5
Let h be -1 + 2 + (-2)/2. Suppose 3*b + 0*b - 12 = h. What are the prime factors of b?
2
Let g(h) = -13*h. Let w(p) = -p**3 - 7*p**2 - p - 8. Let q be w(-7). What are the prime factors of g(q)?
13
Suppose -24 = -z + 5. What are the prime factors of z?
29
Let f = 45 - 22. List the prime factors of f.
23
Suppose -65 = 5*c - 0. Let z = c - -17. What are the prime factors of z?
2
Let a(s) = -s**3 + 6*s**2 + 9*s - 2. Let z be a(7). Suppose z = -2*v + 6*v. Suppose -v*b + 14 = -b. What are the prime factors of b?
7
Let s(d) = d**2 - 9*d. Let q be s(9). Suppose q = 3*o - 2*o - 17. List the prime factors of o.
17
Let i = -71 + 43. Let t = i + 47. Let p = t - 11. List the prime factors of p.
2
Suppose 27 = y - 3*r, 2*y + 2*r = r + 82. List the prime factors of y.
3, 13
What are the prime factors of 2 + -2 - 33/(-3)?
11
Let z(w) = -10*w - 7. Suppose -16 + 4 = 2*q. Let n be z(q). Suppose 2*p + 42 = 4*v, v + 4*v - 3*p - n = 0. List the prime factors of v.
2, 5
List the prime factors of (107 - 1)*(-2)/(-2) + 0.
2, 53
Let a(p) = 6*p**2 - 4*p**2 + 9*p - 4 - 3*p**2. List the prime factors of a(6).
2, 7
Let z = 11 - 5. Suppose j = 0, -4*j + 15 = -x - 0*x. List the prime factors of (-8)/((x/z)/5).
2
Let t be -10*((-20)/(-8) + -3). Suppose -q - c + 9 = -0*q, t*q - 39 = -2*c. List the prime factors of q.
7
Suppose 45 = -2*l + 5*l. Suppose -5*q - l = 2*k, 15 = -3*q - 2*q + 3*k. What are the prime factors of q*(-4)/6*8?
2
Let l be 0/2 + (5 - 2). Suppose -g + l*g = 28. List the prime factors of g.
2, 7
Let f = 47 - 32. What are the prime factors of f?
3, 5
What are the prime factors of (-4)/(4 - 6)*12?
2, 3
Suppose 10 = -2*b + 250. List the prime factors of b.
2, 3, 5
What are the prime factors of ((-50)/(-3))/((-26)/(-39))?
5
Suppose -2*v + 176 = -v + 2*a, -3*v = 4*a - 520. What are the prime factors of v?
2, 3, 7
Let t be -3 + (0 - -1) + -2. Let j be (6/t)/((-6)/128). Suppose 0*p + 2*p - j = 0. List the prime factors of p.
2
Let b(q) = -q**2 + 5*q - 2. Let h be b(3). Suppose -11 = -h*k + 145. What are the prime factors of k?
3, 13
Let x = 27 + -38. Let s = x - -15. Suppose -s*d + 60 = d. What are the prime factors of d?
2, 3
Suppose -3*c - 8 + 2 = 0. Let z(d) = d - 1. Let q(r) = r**3 + r**2 + r - 6. Let k(j) = -q(j) + 3*z(j). What are the prime factors of k(c)?
3
Suppose 3*q + 20 = 140. What are the prime factors of q?
2, 5
Suppose -3 = -4*q + b + 1, 2*q + 4*b = 2. Let v be (12/q)/((-2)/(-2)). Let k = -7 + v. What are the prime factors of k?
5
Suppose 4*d + 0*d = 8. List the prime factors of (-2)/(4/(-30)) - d.
13
Let c be (20/6)/((-2)/3). List the prime factors of 39 + (c - -3) + 3.
2, 5
Let w = 3 - 2. Let q be 129/12*4*w. Let z = q - 21. What are the prime factors of z?
2, 11
Let x = -3 - 4. Let d = -5 - x. Suppose 0 = f + d*f - 9. What are the prime factors of f?
3
Let r be (-3)/1*(-18)/2. Suppose -2 = o + 16. Let h = r + o. What are the prime factors of h?
3
Suppose -3*x - 2*x - 625 = -5*q, 4*x + 16 = 0. Suppose -4*b - h + q = 0, -h + 4*h - 3 = 0. Suppose -3*z + 0 = -b. What are the prime factors of z?
2, 5
Let b(f) = 35*f**3 + 2*f**2 - 2*f + 1. What are the prime factors of b(1)?
2, 3
Let a(z) = -7*z + 0 - z**2 + 1 + 9. Suppose -y = 5*q - 18, -3*q = 4*y + 9 + 4. List the prime factors of a(y).
2, 5
Let s be ((-2)/4)/(4/112). Let a = s + 32. What are the prime factors of a?
2, 3
Suppose 65 = 2*t + 13. Suppose 5*w - t = 4*w. What are the prime factors of w?
2, 13
Let m(f) = 2*f**3 - 8*f**2 + 10*f - 10. What are the prime factors of m(6)?
2, 97
Suppose 0 = -5*l - 3*z + 21, -5*l + 11 + 8 = 2*z. Let r(b) = -b**3 + 2*b**2 + 2*b + 4. Let u be r(3). Let g = l - u. List the prime factors of g.
2
Let p = -6 + 11. What are the prime factors of (-4 - p)/(3/(-2))?
2, 3
Suppose -f - 3*a + 11 + 3 = 0, -a - 30 = -f. List the prime factors of f.
2, 13
What are the prime factors of (4/12 + -1)/((-1)/195)?
2, 5, 13
Suppose 326 = 4*i + 5*y, -y = i + 3*i - 334. List the prime factors of i.
2, 3, 7
Suppose 0 = -i - 2*b + 51, -3*i + 6*b - 11*b + 157 = 0. What are the prime factors of i?
59
Let o(s) = s**2 - 10*s - 11. Let i be o(13). Let q = i - 19. List the prime factors of q.
3
Suppose -4*h + 5*h = 4. Suppose -h*i + 23 = -25. Suppose 64 = 3*s - 5*g - i, 4*g + 20 = 0. List the prime factors of s.
17
Let d = -4 - -3. Let c(z) be the third derivative of -z**4/4 - z**3/6 + 9*z**2. List the prime factors of c(d).
5
Suppose -6 = -0*z + 2*z. Let r be 2 - (2/2 + z). Suppose -36 - 8 = -r*d. List the prime factors of d.
11
Let a be (0 + 1)/((-2)/(-42)). Let o be 1*1*(a - -2). Suppose 20 = 4*t + 5*b - o, -t + 8 = 4*b. What are the prime factors of t?
2, 3
Suppose 3*f - 9 - 6 = 0. Suppose -3*a + 20 = -2*y - 10, 25 = f*a + 5*y. Suppose 0*q = 4*q - a. What are the prime factors of q?
2
Suppose 2*d - 6*d = 0. Suppose 24 = -d*k + 4*k. What are the prime factors of k?
2, 3
Let m = 10 + -16. Let d = m + 14. List the prime factors of (0 - -12)*6/d.
3
Suppose g = -4*y - 12, 0 = g + 2*y + 3*y + 15. Suppose 0 = -l - 3*l + 20. Suppose g = -3*z - t - t + l, -4*t = 3*z - 1. List the prime factors of z.
3
Suppose -2*z = -4*g + 2, 2*g - g - 23 = -4*z. Suppose -u + c = -0*c + 4, 12 = g*u + 3*c. Suppose 0 = -u*r - r + 7. What are the prime factors of r?
7
Let f be 1/(-4) - (-22)/(-8). Let s = f - -7. What are the prime factors of s?
2
Let h(b) = 26*b**2 - b. What are the prime factors of h(1)?
5
Let z = 54 + 103. What are the prime factors of z?
157
Let u be 96/15 - (-6)/(-15). Let h = u + 9. What are the prime factors of h?
3, 5
List the prime factors of (-4)/6*-129 - (2 + -5).
89
Let d be 1/(-2)*4/1. Let f(u) = -13*u - 3. Let p be f(d). Suppose 4*i - 17 - p = 0. What are the prime factors of i?
2, 5
Suppose 0 = -4*b + 2*b - 132. Let a = b - -121. What are the prime factors of a?
5, 11
Suppose 32 = -7*r + 11*r. Let t(k) = 4*k**2 - 10*k + 4. Let w(y) = 11*y**2 - 29*y + 12. Let s(x) = -8*t(x) + 3*w(x). What are the prime factors of s(r)?
2, 3
Let v be 12/6 + 3*2. Let i = 2 + v. What are the prime factors of i?
2, 5
List the prime factors of (-3 - (-27)/5)/((-6)/(-15)).
2, 3
Suppose 0 = -3*y + 17 - 2. Suppose -y = -2*s + 41. List the prime factors of s.
23
Let x = 0 + 5. Suppose -x*l = -13 - 27. Let m = l + -5. List the prime factors of m.
3
Let b be 174/18 + (-2)/3. Suppose 0*m + 6 = 2*a - 3*m, 3*a - b = -4*m. Suppose -h + 18 = z, -z - a*z + 30 = 2*h. List the prime factors of h.
3, 7
Suppose o = k + 32, -3*o - 4*k + 144 = o. Let t be 6/8 - (-30)/24. Suppose 4*q = t*q + o. What are the prime factors of q?
17
Let m(d) = d**2 - 9*d + 12. Let v be m(8). Suppose 4*i - 3*b + 60 = b, -2*i + v*b = 22. What are th